te the remainder when 244812 is divided by 72.
12
What is the remainder when 399355 is divided by 4870?
15
What is the remainder when 2428657 is divided by 331?
110
What is the remainder when 85263599 is divided by 927?
920
What is the remainder when 39739410 is divided by 518?
4
Calculate the remainder when 2708031 is divided by 7.
4
Calculate the remainder when 74369 is divided by 7307.
1299
What is the remainder when 649898 is divided by 307?
286
Calculate the remainder when 244132 is divided by 17437.
14
Calculate the remainder when 141938 is divided by 101.
33
What is the remainder when 4101198 is divided by 89155?
68
What is the remainder when 510987 is divided by 135?
12
What is the remainder when 1067255 is divided by 15467?
32
Calculate the remainder when 45721714 is divided by 361.
342
What is the remainder when 294874 is divided by 3202?
290
Calculate the remainder when 1066951 is divided by 3120.
3031
Calculate the remainder when 23312897 is divided by 2226.
2225
Calculate the remainder when 363368 is divided by 60525.
218
What is the remainder when 67639 is divided by 1679?
479
What is the remainder when 397231449 is divided by 550?
549
What is the remainder when 41079 is divided by 20048?
983
What is the remainder when 1162511 is divided by 3419?
51
What is the remainder when 464862 is divided by 154572?
1146
Calculate the remainder when 109696141 is divided by 186558.
37
What is the remainder when 4410001 is divided by 980?
1
Calculate the remainder when 73139 is divided by 461.
301
Calculate the remainder when 84294 is divided by 250.
44
Calculate the remainder when 25402361 is divided by 32.
25
What is the remainder when 13502678 is divided by 15?
8
What is the remainder when 214850 is divided by 1056?
482
Calculate the remainder when 557427 is divided by 42878.
13
What is the remainder when 2281133 is divided by 911?
900
Calculate the remainder when 9117983 is divided by 105.
98
What is the remainder when 1559146 is divided by 234?
4
What is the remainder when 57684 is divided by 81?
12
What is the remainder when 27081 is divided by 413?
236
Calculate the remainder when 20808 is divided by 3542.
3098
What is the remainder when 837858 is divided by 14?
0
Calculate the remainder when 7611760 is divided by 64506.
52
Calculate the remainder when 734471 is divided by 367172.
127
Calculate the remainder when 5700896 is divided by 291.
206
What is the remainder when 261499762 is divided by 2036?
2030
What is the remainder when 176220 is divided by 3657?
684
Calculate the remainder when 152504 is divided by 169.
66
What is the remainder when 384678717 is divided by 5820?
5817
Calculate the remainder when 9616296 is divided by 3404.
3400
Calculate the remainder when 7659943 is divided by 9262.
269
What is the remainder when 107352 is divided by 217?
154
What is the remainder when 861798 is divided by 1959?
1797
Calculate the remainder when 807116 is divided by 771.
650
What is the remainder when 9531043 is divided by 9531039?
4
Calculate the remainder when 1505650 is divided by 100350.
400
Calculate the remainder when 864371 is divided by 20101.
28
What is the remainder when 391276181 is divided by 3404?
3401
Calculate the remainder when 11908250 is divided by 2838.
2
What is the remainder when 53159 is divided by 1792?
1191
What is the remainder when 306405 is divided by 27373?
5302
What is the remainder when 29270 is divided by 919?
781
What is the remainder when 39860416 is divided by 135120?
16
What is the remainder when 1890045 is divided by 75601?
20
Calculate the remainder when 319736105 is divided by 231.
227
Calculate the remainder when 1705907 is divided by 698.
693
Calculate the remainder when 89248 is divided by 29414.
1006
Calculate the remainder when 37481089 is divided by 41.
37
What is the remainder when 2716751761 is divided by 5167?
5165
Calculate the remainder when 172008 is divided by 1000.
8
What is the remainder when 126049 is divided by 3407?
3397
Calculate the remainder when 26362 is divided by 70.
42
What is the remainder when 7627296 is divided by 119?
110
Calculate the remainder when 382184 is divided by 127310.
254
Calculate the remainder when 14568167 is divided by 7283952.
263
What is the remainder when 5309756 is divided by 1327347?
368
What is the remainder when 96953060 is divided by 227?
225
Calculate the remainder when 200507 is divided by 3819.
1919
What is the remainder when 50398 is divided by 45907?
4491
What is the remainder when 68619 is divided by 8291?
2291
Calculate the remainder when 760029 is divided by 12.
9
What is the remainder when 72637 is divided by 179?
142
Calculate the remainder when 83307 is divided by 930.
537
Calculate the remainder when 416720 is divided by 7649.
3674
What is the remainder when 95961946 is divided by 10?
6
Calculate the remainder when 75016 is divided by 34858.
5300
What is the remainder when 384 is divided by 38?
4
What is the remainder when 7736775 is divided by 31?
12
Calculate the remainder when 107329154 is divided by 6.
2
Calculate the remainder when 347281 is divided by 157.
154
What is the remainder when 919057 is divided by 114863?
153
Calculate the remainder when 86373911 is divided by 5.
1
Calculate the remainder when 5324676 is divided by 280246.
2
What is the remainder when 54545245 is divided by 28998?
7
What is the remainder when 115648331 is divided by 676306?
5
Calculate the remainder when 1416504 is divided by 1922.
1912
Calculate the remainder when 241145 is divided by 40035.
935
What is the remainder when 99742985 is divided by 311?
309
What is the remainder when 287995 is divided by 143913?
169
What is the remainder when 6875463 is divided by 23?
4
Calculate the remainder when 410321 is divided by 506.
461
What is the remainder when 1720497 is divided by 50?
47
Calculate the remainder when 2908745 is divided by 38.
35
Calculate the remainder when 23152116 is divided by 363.
339
What is the remainder when 718272 is divided by 6978?
6516
Calculate the remainder when 12458 is divided by 10536.
1922
What is the remainder when 6905031 is divided by 6905025?
6
Calculate the remainder when 12016637 is divided by 154.
17
What is the remainder when 32610950 is divided by 1181?
1178
Calculate the remainder when 530545 is divided by 176564.
853
What is the remainder when 1712848 is divided by 1202?
1200
Calculate the remainder when 16838684 is divided by 12923.
15
Calculate the remainder when 64341 is divided by 466.
33
Calculate the remainder when 331203 is divided by 6174.
3981
Calculate the remainder when 3445486 is divided by 1722738.
10
Calculate the remainder when 33912425 is divided by 6782473.
60
What is the remainder when 378359 is divided by 33?
14
Calculate the remainder when 30291 is divided by 23520.
6771
What is the remainder when 12383 is divided by 446?
341
What is the remainder when 4613246 is divided by 5745?
11
Calculate the remainder when 222394847 is divided by 6308.
6307
What is the remainder when 544127 is divided by 21?
17
Calculate the remainder when 606880 is divided by 3263.
3225
What is the remainder when 13767223 is divided by 121833?
94
What is the remainder when 30023986 is divided by 30023972?
14
What is the remainder when 1566105 is divided by 1201?
1
What is the remainder when 21519837 is divided by 5379959?
1
What is the remainder when 680489 is divided by 136072?
129
What is the remainder when 3003045 is divided by 3885?
3825
Calculate the remainder when 1707442 is divided by 853712.
18
Calculate the remainder when 17787 is divided by 2645.
1917
Calculate the remainder when 48387 is divided by 11316.
3123
Calculate the remainder when 853955 is divided by 37127.
34
Calculate the remainder when 5524653 is divided by 2578.
2577
Calculate the remainder when 105196 is divided by 11967.
9460
What is the remainder when 10235 is divided by 4393?
1449
Calculate the remainder when 186040 is divided by 5722.
2936
What is the remainder when 2449282 is divided by 45?
22
What is the remainder when 20021 is divided by 1713?
1178
Calculate the remainder when 164423463 is divided by 2007.
1995
What is the remainder when 384739 is divided by 12409?
60
What is the remainder when 28293117 is divided by 111?
105
Calculate the rema